. Calculate q(4).
-11
Let k(n) = 4*n - 1. Let v = -7 - -8. Determine k(v).
3
Let s = -3 + 7. Suppose -s*t + t + 6 = 0. Let y(r) = 2 + 3*r + t - 4*r. Calculate y(5).
-1
Let d(o) = -o + 7. Suppose -5*z - 6 = -4*q - 18, -5*z - 3*q + 26 = 0. What is d(z)?
3
Let u(r) = -2*r - 1. Let m be u(-2). Let q(y) = 5*y**2 + 7 + 2*y**3 - 2*y + y - 3*y**m - 2. Calculate q(5).
0
Let z be 8 + (-1 + 2)*1. Suppose 5*n - z = -4. Let r(y) = -9*y**2 - 4*y - 3. Let j(f) = -5*f**2 - 2*f - 2. Let w(s) = 5*j(s) - 3*r(s). Determine w(n).
3
Let d(m) = m - 12. Let a(v) = -v**3 + v**2 + 98. Let q be a(0). Suppose 0 = -4*o - 3 - 1, 0 = -5*u + 3*o + q. Let k = -13 + u. What is d(k)?
-6
Let c(n) be the second derivative of -n**3/6 - n**2 + n. Let h(w) = w**3 - 8*w**2 + 7*w - 6. Let u be h(7). Determine c(u).
4
Let r(q) = 9*q - 4 - 10*q - 2. Suppose 0 = -g - 1, 2 - 9 = 5*c - 3*g. Let s be -8*(15/6 + c). Determine r(s).
-2
Let d(w) = 6*w**2 - 1. Let y be d(1). Let a(p) = -4 - y*p**3 + 2 + 3*p**2 + 3*p**3 + 3*p**3 - 2*p. Give a(-3).
4
Suppose 7*y - 2*y = 2*d - 25, -30 = -3*d + 5*y. Let i(v) = -v**2 + 5*v + 6. Calculate i(d).
6
Let w(n) = -n**2 - 2*n**2 + 8*n**2. Let l(s) = 4*s + 7. Let f be l(-2). Determine w(f).
5
Let n(u) = -2*u**2 + u - 1. Let y be 4 - (-4)/(16/20). Suppose -5*p + d + 0 + y = 0, -4*d - 12 = 4*p. Determine n(p).
-2
Suppose -2 + 1 = 2*r + 5*g, 0 = -3*r + 2*g + 8. Let t(z) = -4 - 2*z**2 - 5*z + 4*z**2 - z**r. Suppose 0 = -2*j - 2*q - 2*q + 14, q = -j + 6. Determine t(j).
-4
Let y(d) be the second derivative of 3/2*d**2 + 0 - 3*d - 1/6*d**4 - 1/2*d**3. Calculate y(2).
-11
Let g(l) = -l**2 - 3*l + 5. Let a be g(-4). Let q = a + -4. Let f(z) = -z**3 + 3*z + 2*z**2 + z - 4*z**2. Determine f(q).
-3
Let c(s) be the second derivative of 1/6*s**3 + 2*s + 7/10*s**5 + 0*s**2 + 0 + 1/6*s**4. Calculate c(-1).
-13
Let o = 31 + -38. Let j(q) = -2*q - 6. What is j(o)?
8
Let h(k) = k - 2*k + 0*k - 11. What is h(-5)?
-6
Let l = -20 - -24. Let k(h) = h - 2. Give k(l).
2
Let y(t) = -t + 1. Let f be y(5). Let j(i) = i**3 + 4*i**2 - 2*i - 4. Let r be j(f). Let b(o) = -o + 2. Calculate b(r).
-2
Let v(y) = -y - 7 + 4 + 6. Let c(j) = j**3 + 5*j**2 + j + 7. Let k be c(-5). Suppose -2*f - k*f = -16. Give v(f).
-1
Let u(p) = -p**3 + 4*p**2 - 2*p + 6. Let j be 4*(-52)/(-8) - 1. Suppose 5*q + j = 0, 3*y - 2*q = -5*q - 3. Calculate u(y).
-2
Let o be (-6)/(-10) - (-36)/15. Suppose o*s + 3*i = 0, s - 3 = -4*i - 0. Let l(y) = y**3 - y**2 - 2*y - 1. Calculate l(s).
-1
Suppose -4*h = -3*a + 14, -2*h + 4*h - 26 = -4*a. Let o be 2/4 - a/12. Suppose o*r + r + 3 = 0. Let s(x) = -x**3 - 3*x**2 + x - 3. Determine s(r).
-6
Let y(j) = -j - 4. Let p be y(-4). Suppose p = -3*w - 2*r + 4 + 2, w - 9 = -3*r. Let o = w + 3. Let d(n) = -n**2 + 4*n - 2. Calculate d(o).
1
Let k(s) = -2*s - 8. Let d be k(-7). Let o(x) = -2*x - 1 - 3*x + d*x. Suppose -12*c = 84 - 24. What is o(c)?
-6
Let s(u) = u + 3. Let t(r) = -r - 2. Let v(h) = 4*s(h) + 5*t(h). Let p = 0 + -3. Give v(p).
5
Let a(x) = 3*x**2 - x + 1. Let v = 3 + -6. Suppose 4*r + 4*w - w = 16, 0 = 3*r + 3*w - 12. Let j = v + r. Give a(j).
3
Let d = -1 - -3. Let j(w) = -w**2 + 2 + 2 - 3*w**3 + d*w**3 + 1 + w. Calculate j(0).
5
Suppose q + 4*q = 10. Let z(b) = -3*b + 2*b - 2*b**2 - b**q - 1. Give z(-1).
-3
Let a(l) = 0*l - l - l + 0*l. Let n be a(1). Let x(c) = -c - 2. Calculate x(n).
0
Suppose 0 = h, -3*z = 2*z - 3*h. Let i(s) = -s - 1. Give i(z).
-1
Let b(k) = 3*k**2 + 1. Suppose 0 = -3*o - 13 + 16. Give b(o).
4
Suppose -4*o = -5*s + 16, -2*o + s + 2*s - 6 = 0. Let v(t) = t**2 + 9*t + 4. Determine v(o).
4
Suppose -19 = -3*a + 5*c, 8 = -3*a + c + 31. Let m = a - 6. Let x(w) = -w**3 + 5*w**2 - w + 1. Give x(m).
11
Let y be (1/(-2))/((-1)/4). Suppose y*v = v. Let u(g) = -g**2 + 4. Calculate u(v).
4
Let v(a) = a. Let y be v(3). Let l = -5 + y. Let s(t) be the third derivative of -t**4/12 - t**2. Calculate s(l).
4
Let n(b) = -b**3 - 4*b**2 - 2*b - 4. Let h = -10 + 8. Let o = -2 + h. Determine n(o).
4
Let f(x) = x**3 - x**2 + x + 1. Let k(o) be the third derivative of -o**6/24 + o**5/30 - 3*o**4/8 - 5*o**3/3 - 3*o**2. Let r(a) = 6*f(a) + k(a). What is r(5)?
6
Let r(m) be the second derivative of -m**5/20 - 3*m**2 + m. Let b(k) = -k**3 - 14*k**2 - 12*k + 13. Let t be b(-13). Calculate r(t).
-6
Let i(y) = -y - 1. Let f be i(-3). Let m(v) = -2 - f*v**3 - 1 + 1 + 5*v**2 + 3*v**3. Suppose w + 15 = -2*w. What is m(w)?
-2
Let x = -8 + 12. Let p(h) be the first derivative of -h**3/3 + h**2 + 5*h + 1. Give p(x).
-3
Let j(t) = -2*t**2 + 4*t - 1. Let s be j(2). Let h be s/1*9/(-3). Let w(y) = -2*y. Determine w(h).
-6
Suppose -4*z - 21 = -z. Let s(u) = u**2 + 7*u + 6. Calculate s(z).
6
Let s(o) be the third derivative of -o**5/60 + o**4/4 - 5*o**3/6 - 30*o**2. Let y be 17/3 + 3/9. Determine s(y).
-5
Let n = -7 + 12. Let f(c) = -4*c**2 + 5*c + 3*c**2 - 1 + 0*c**2 + 2. Determine f(n).
1
Suppose 6 = o + 4. Let d(g) = -2*g**o + 3*g + g - 1 + g**2. Let v = -6 + 8. Calculate d(v).
3
Suppose 3*v = v. Let i(b) be the third derivative of -b**4/24 - b**3/3 - 13*b**2. Determine i(v).
-2
Suppose 3*w - 5*w + 4*n = -40, 5*n + 25 = 0. Let b(v) = v**3 - 11*v**2 + 10*v - 4. Calculate b(w).
-4
Let i(r) be the third derivative of -r**4/24 + 9*r**2. Give i(1).
-1
Let r(t) be the second derivative of -t**5/20 + t**4/3 - t**3/6 + 5*t**2/2 + 4*t. Suppose 15 = 3*f + 3. Determine r(f).
1
Let a(c) = 17*c - 5*c**2 + 6*c**2 - 1 + 18*c - 30*c. Calculate a(-5).
-1
Let r be (-2)/(-8) - (-30)/8. Let u(h) = -4*h + 5 - h**3 + 2*h**3 - 3*h**2 - r*h + 2*h. What is u(4)?
-3
Let g(d) = d - 5. Let j be ((-5)/4)/((-38)/(-152)). Give g(j).
-10
Suppose -2*l + l + 7 = 0. Let c(a) = -a**2 + 7*a. Give c(l).
0
Let m = -12 + 14. Let b(q) = 2*q + 4 - m*q + q - 2. Calculate b(-4).
-2
Let f = -6 + 4. Let z be -1 - 6/f - -4. Suppose 4*g - z - 14 = 0. Let a(s) = -s + 12. What is a(g)?
7
Let r(h) be the third derivative of h**4/24 + h**3/3 - h**2. Let l(z) be the first derivative of z**4/2 + z**2/2 + 5. Let p be l(-1). What is r(p)?
-1
Let n(b) = -b + 2. Let k be n(2). Suppose 4*r + k*r = -16. Let j(z) = -2 + z - 2 + 0*z. Give j(r).
-8
Let k = -4 - -4. Suppose x - 6*x - 10 = k. Let u(o) = o**2 + 2*o + 1. Give u(x).
1
Let f be (2/4)/((-2)/(-32)). Let m be f/4 - (1 - -1). Suppose 0 = -q + 3*u + 7 + 4, 2*q + u - 8 = m. Let t(o) = -o**3 + 6*o**2 - 6*o + 1. Give t(q).
-4
Let q(y) = -2*y + 7. Let g(r) = r - 4. Let s(d) = -7*g(d) - 4*q(d). Let t(b) = -b**3 + 5*b**2 + 2*b + 2. Let w(p) = -3*s(p) - t(p). Give w(6).
4
Let l be -3 + (0 - (-5 + -1)). Suppose -w - z = -6*w - 21, -9 = l*w + 3*z. Let h(u) = 3*u + 3. What is h(w)?
-9
Let b(k) = 1 - 43*k + 3 + 42*k. Give b(-4).
8
Let l(o) = -o**2 - 13*o - 4. Let b be l(-13). Let d(p) = 6*p + p - p**2 + 3 + 2*p**2. Calculate d(b).
-9
Let s = -46 - -50. Let w(j) be the first derivative of 2*j**2 + 1/2*j**s - 3*j - 3 - 4/3*j**3. Determine w(2).
5
Suppose 3*t + 18 = 15. Let x(l) = -18*l - 1. Give x(t).
17
Let i(s) be the first derivative of -5*s**3/3 + 3*s**2/2 - 44. Calculate i(2).
-14
Let a(l) = l + 3. Suppose j = -k + 4*j + 6, 5*k - 2*j - 4 = 0. Calculate a(k).
3
Let d be 3 + 0 + -3*1. Let c(m) = -m**3 - m**2 - m + 6. Let u be c(d). Let n(i) = i**3 - 7*i**2 + 8*i - 9. What is n(u)?
3
Let x(y) be the second derivative of -1/6*y**4 + y + y**2 + 1/6*y**3 + 0. Give x(2).
-4
Let g(p) = -p**3 - 5*p**2 + p + 4. Let o be (-2)/(-9) + 411/(-27). Let s be ((-10)/o)/(4/(-30)). Calculate g(s).
-1
Let i(q) = 10*q**2 + 15*q - 1. Let b(j) = -7*j**2 - 10*j + 1. Let l(z) = -7*b(z) - 5*i(z). Let w be l(-4). Let y(p) = p**3 - 3*p**2 + p + 1. Determine y(w).
-1
Let x(o) be the first derivative of o**2/2 - 9*o + 6. Determine x(4).
-5
Let n(a) = -a**2 - 1. Let z(i) = 2*i**2 + i + 3. Let d(c) = -5*n(c) - 2*z(c). Let g be d(3). Let j(q) = -1 + 4*q + 0*q**2 - 6 - q**g + 2*q**2. Calculate j(-6).
5
Let z be 4/((-6)/9*-3). Let l(k) = 8*k - 2. Determine l(z).
14
Let n = 34 + -30. Let r(t) be the third derivative of -1/6*t**3 + 1/24*t**n + 0 + 1/60*t**5 - t**2 + 0*t. Calculate r(1).
1
Let q(d) be the second derivative of d**5/20 - 7*d**4/12 - d**3/6 + 4*d**2 + d. Let s be 9/21 + (-322)/(-49). Calculate q(s).
1
Let i(k) = 3*k - 42. Let r be i(15). Let z(s) = -5*s. Give z(r).
-15
Let a(x) = x - 1. Let d be 4 - 6*2/4. Calculate a(